 - 32)?
-3
1 + 4 - (1 + 1)
3
What is the value of (-12 - -14 - -1) + -13?
-10
What is the value of 2 + -3 + (-11 - -7)?
-5
2 - 4 - (-10 + (-4 - -13))
-1
Calculate (-25 - -12) + (13 - 3).
-3
What is -1 - (13 + (-10 - -4))?
-8
-46 - -47 - (-1 - -6)
-4
What is the value of 0 + 0 + 7 + -4?
3
2 - -2 - (-25 - -23)
6
Evaluate 4 - (-4 + 2 + 5).
1
What is -2 + (4 + -6 - -10) - 1?
5
Evaluate (3 - 1 - (-51 + 50)) + 2.
5
Evaluate -2 + 4 + -7 + 3 + 6.
4
32 + -33 + (-4 - -1)
-4
Evaluate -5 - (-12 + 0) - 4.
3
14 + (-7 - (-3 + 4))
6
Calculate -1 + -1 + 1 + 7 + -4.
2
What is (-2 - -1) + -9 + 9?
-1
Calculate -6 - -6 - (-3 - 0).
3
Evaluate -4 + (3 - (0 + 2)).
-3
What is the value of -15 + 17 - 10 - (-11 - -1)?
2
What is 4 + (-14 - -4) - (0 + -3)?
-3
What is the value of -31 + 7 + (-1 - -14)?
-11
-3 - (-5 + -1 - (10 + -16))
-3
(1 - (-7 + 2 + 4)) + -4
-2
Calculate -5 + (4 - 1) + 0.
-2
What is (-11 + 2 - -6) + 6 + 0?
3
Evaluate 7 + (-5 - (-1 - -1)).
2
Evaluate 13 + -15 - (-3 + (8 - 2)).
-5
-6 - (-33 + 29 + -4 + 2)
0
Calculate -122 + 137 + -5 + 0.
10
What is the value of 2 + 2 + 12 + -16?
0
Calculate -5 - ((-3 + 6 - 3) + -2).
-3
What is -1 + -10 + (-104 - -113)?
-2
What is the value of 5 - (-6 - -4 - (-4 - -2))?
5
Calculate -6 + 3 + -1 + 1.
-3
-4 + -15 + 3 + 7
-9
What is 17 + -16 + (-1 - (-1 + -1))?
2
Calculate 6 - (6 - ((1 - 8) + 6)).
-1
Evaluate -1 - (1 - ((0 - 7) + 4)).
-5
2 + 0 + -8 + -6 + 8
-4
Evaluate 2 - (5 - 0 - 1).
-2
Calculate 2 + -5 + (-3 + 0 - -1).
-5
2 - -1 - (-12 + 11) - -1
5
What is 4 - -4 - ((1 - 5) + 4)?
8
(7 - 4) + (5 - 5)
3
Calculate 9 + (-2 - -1) + -4.
4
Calculate (-1 + 1 + 0 - -1) + -4.
-3
What is the value of 1 + (4 + -7 + 5 - -2)?
5
Calculate 4 + (3 + -9 + 5 - -1).
4
What is the value of 3 + (7 - (10 + -9))?
9
Evaluate (-9 - -16) + (12 - 10).
9
What is -3 + (0 - (0 + 1))?
-4
0 - (2 + -4) - (0 + 1)
1
Calculate -1 + 3 + 4 + -3.
3
Calculate 1 - (-6 + -8 + 4).
11
-2 + (3 - 6) - -9 - 10
-6
2 - 7 - (11 - (-9 + 20))
-5
Evaluate (-2 - 3) + 12 + -7.
0
What is -2 + 0 + (4 - 1) + 0?
1
Calculate -2 + (-9 - -16) + -1.
4
Evaluate 0 + -5 - (-52 - -43) - 10.
-6
What is the value of 1 + 12 + -30 + 9?
-8
What is (11 - 9 - 2) + -1 + 3?
2
What is -3 + (2 - (1 + 5 + -2))?
-5
What is 8 + (1 - (5 - (2 + 0)))?
6
What is the value of (0 - -1) + (-6 - 4) + 4?
-5
-5 + -6 + (16 - 5)
0
9 + -7 + -1 + 4
5
What is -3 - (2 + 1 - 14)?
8
Evaluate -3 - (-10 - -6) - 2.
-1
What is 2 - (34 - 9 - 12)?
-11
Calculate 0 + 0 + (-4 - (0 + -5)).
1
0 + 2 + 3 + -1
4
What is -12 + 9 - (-5 - 4)?
6
-1 + (9 - 2 - (2 - -1))
3
Calculate (5 - (-2 + -1)) + -5.
3
Evaluate -1 - 3 - (-1 - 5 - 2).
4
What is 0 - 0 - (2 + -8 + 7)?
-1
Evaluate (0 - (0 - (-1 - 0))) + -2.
-3
2 - (4 + (-2 - (-10 + 6)))
-4
0 - (-1 - (-4 - -2))
-1
4 - (-3 - -6) - -4
5
What is the value of 0 + -4 + (6 - (-3 - -10))?
-5
Calculate (12 + -18 - -15) + 1.
10
What is -13 - -27 - (-2 - -4 - -2)?
10
-2 - (-5 - (-3 + 1))
1
What is 2 + -3 - (15 - 16)?
0
Calculate (2 + (-2 - 3) - -6) + -8.
-5
Evaluate -1 - (0 - 3 - -3 - 0).
-1
Evaluate -7 - (-5 - -4) - -4 - 3.
-5
Calculate -1 - (4 + -15 + 8).
2
Calculate (-2 - (-3 + 7 + -9)) + -4.
-1
Evaluate -5 + (7 - 3) + -3.
-4
What is the value of (-3 - (-6 + 4)) + -7 + 10?
2
Calculate (3 - -5) + (4 - (13 + -5)).
4
What is (58 - 54) + (0 + -1 - -2)?
5
Evaluate 2 - (-2 + -1) - -3.
8
-19 + -5 + 15 + 2
-7
Evaluate (-8 - -5) + -5 - -14.
6
Evaluate -4 + 1 - (7 + -3 - 2).
-5
What is (-2 - 3 - (7 - 12)) + 5?
5
Calculate -4 + (4 - 1) - 0.
-1
What is 4 + -2 - -1 - (1 + 6)?
-4
Calculate 2 + (14 + -18 - (-3 + 0)).
1
Evaluate 9 + -3 + 1 + -5.
2
Evaluate 6 - (3 + (7 - (-2 + 2))).
-4
What is the value of -4 + -1 + (9 - 2)?
2
Calculate -4 - ((-10 - -4) + -1 + 1).
2
What is 1 - 2 - (5 + -11 + 1)?
4
Calculate (-6 - -17) + (-24 - -13).
0
Calculate 2 - -1 - (-1 - (2 + -2)).
4
Calculate -36 + 42 + (-10 - -1).
-3
Calculate 6 + (2 - (15 - 7)).
0
Calculate -2 + (-5 - 3 - -5 - -8).
3
What is 13 + -8 - (1 - -2)?
2
(19 - 11) + (-2 + 1 - 2)
5
Evaluate (11 + -5 - 5) + (-5 - 0).
-4
What is the value of 5 + 0 - (-2 - -3)?
4
8 - (-3 + 4 + (4 - 2))
5
What is the value of -2 + (2 - (3 - -3)) + 1?
-5
Calculate 0 + 2 + 4 + -4.
2
Evaluate -3 + 6 + -5 + (-9 - -8).
-3
7 + -10 + 6 + 0 + 0
3
Evaluate (-5 + (-3 - -4) - -3) + -5.
-6
-2 - -1 - (-30 + 33)
-4
What is the value of 2 + -1 + 3 + 0?
4
4 - (5 - 11 - -11)
-1
What is 0 - (3 + -11 + (8 - 3))?
3
Evaluate (0 - 6) + -6 + 7 + 4.
-1
Calculate -5 - 0 - (-5 - 0 - -2).
-2
-1 - -7 - (4 - 3) - 2
3
What is (0 - 3) + (11 - 11) + 6?
3
What is -2 - ((9 - (1 - -3)) + -1)?
-6
What is the value of 7 - (7 - -1) - (-1 + 4)?
-4
What is 11 - 6 - (5 - -4)?
-4
Calculate -2 + 3 + -1 + 2 - 1.
1
-4 + 11 + -1 + (-1 - 2)
3
What is the value of 3 - (-2 - (-5 - -2))?
2
-2 - (13 - 1 - (-15 + 21))
-8
What is the value of (-4 - 0 - -2) + (-3 - -5)?
0
What is (13 - 3) + 0 + -4 - 5?
1
Calculate 2 + 2 + 2 + (-5 - -3).
4
What is the value of (6 - 0 - (-33 - -45)) + -3?
-9
What is the value of -2 - 0 - (0 - 4 - -4)?
-2
17 - 20 - (-1 - 0)
-2
What is the value of (-1 - 0) + -1 + 3 - 0?
1
Evaluate 4 - (-2 - (-8 + -3)).
-5
Calculate -19 + 14 - (1 + 2 + -4).
-4
Calculate 11 - 14 - -10 - 4.
3
Calculate (3 - 3 - -4) + -1 - 6.
-3
Calculate 26 + -27 - ((-6 - -2) + -2).
5
Evaluate -3 + 4 + 2 + -1.
2
What is 0 + (2 - (0 + 1)) - 1?
0
Calculate (3 - -5) + -4 + -2 - -4.
6
Evaluate 3 - (5 - 1 - -4).
-5
What is (3 - (-6 + 9) - 2) + -2?
-4
Evaluate 60 + -53 + (1 - 12).
-4
Evaluate -2 + 6 + -4 - -2.
2
Calculate -26 - -9 - -9 - -12.
4
What is the value of -1 + 4 - (-2 - -3)?
2
What is 2 - (-11 + 8 - (-2 - 1))?
2
(4 - -3) + -3 + (3 - 8)
-1
Calculate 1 - 0 - (-13 + 6 - -5).
3
Evaluate 0 - (10 - 3) - (-2 + -1).
-4
What is the value of 6 + 5 + -2 - 13?
-4
Evaluate (-15 - -18) + -1 + -1.
1
-5 + 4 - -2 - (3 - 0)
-2
What is the value of -8 - (6 + -12 - -5) - -1?
-6
What is the value of (4 - 5) + (3 + -4 - -3)?
1
-7 - ((-1 - (-5 - -3)) + 0)
-8
-24 + 3 + 6 - (-6 - 1)
-8
What is the value of (-3 - -18) + -49 + 40?
6
Evaluate 5 + -6 + -4 + -5 + 6.
-4
What is (4 - 6) + 0 + 6?
4
58 + -59 - (-3 + (1 - 1))
2
Calculate 3 + 6 + 2 + -16 + 13.
8
What is the value of 3 + -4 + -4 - -2 - 1?
-4
Calculate 5 - (2 - 2 - (-14 + 12)).
3
What is the value of 5 + -5 + 3 - -2?
5
Evaluate -1 + 4 + (-1 - 2).
0
0 + (-4 - (-4 + 3)) - -7
4
Evaluate (0 - (1 + 1)) + -5 + 1.
-6
Evaluate 4 + 6 + (6 + -3 - 9).
4
What is -12 - -4 - -16 - 16?
-8
What is 4 - (1 - (3 + -3) - -6)?
-3
Evaluate 0 - 13 - (-1 - 4) - -5.
-3
Calculate (7 + -1 - 1 - -3) + 1.
9
What is the value of 4 + -3 + -12 + 12?
1
Evaluate -3 + (-3 - -7) + -4.
-3
What is -16 - (4 - 8) - (-9 - -2)?
-5
Evaluate -2 - (0 - -4) - (0 + 0).
-6
(0 - 0) + (-1 - 0 - 3)
-4
Evaluate -1 - -2 - (5 + 6 + -12).
2
What is the value of 13 + -1 + (-62 - -50)?
0
Evaluate 4 + 1 + 27 + -36.
-4
What is 1 + 1 - (-5 + (4 - 2))?
5
Calculate -5 + 11 + 1 - (-1 + 3).
5
2 + -6 + (-5 - -9)
0
(-4 - -2) + -6 + 2 + 2
-4
What is (-1 + 7 - 3) + 1 + -9?
-5
What is (23 - 20 - (6 + -1)) + -9?
-11
Evaluate (0 - -4) + 17 + -16.
5
1 + 3 + -2 + (-4 - -2)
0
-4 + (-6 - -10 - -9) + 1
10
Evaluate 4 - (1 - (-3 + -5)).
-5
-6 - (-4 - -3) - (-6 + 6)
-5
What is 2 - (2 + (2 - 3))?
1
What is 1 - 1 - (1 - -2)?
-3
What is the value of 6 + 1 - 1 - 2?
4
What is -6 + 11 + -1 - 0?
4
Evaluate -4 + 9 + -8 - -8.
5
Calculate 2 + -2 - (-1 + 4 + -4).
1
What is -2 + (7 - (-8 + 6))?
7
What is -7 + (4 - 2) - (22 - 26)?
-1
Calculate (-4 - -13) + -6 - 3.
0
What is 2 + 0 + 3 - 7?
-2
Evaluate 3 - 0 - (-20 - -24).
-1
What is -7 + -4 + 0 + 9?
-2
1 + -3 + 2 - (-41 + 40)
1
What is the value of 3 - (-2 - (-3 - -3))?
5
What is the value of -11 - (2 - (13 + (-4 - 1)))?
-5
2 + 1 - (-32 + 38) - -2
-1
What is the value of -6 - (4 + (0 - 13) + 5)?
-2
2 + -12 + -2 + 7
-5
What is 6 + (-9 - 2) + 10?
5
Calculate (4 - 0) + (-13 - 12) + 14.
-7
What is -10 + 6 + -1 + -2?
-7
What is -3 + 2 + (-1 - -8) + -3?
3
What is the value of -2 + 0 - (2 + -6) - 0?
2
-6 + 7 + -3 + -1
-3
Calculate -2 - ((-10 - -10) + -7).
5
6 - -3 - (5 - 3)
7
Evaluate 47 + -59 - (2 + (0 - 5)).
-9
What is -2 + 7 + 4 + -8?
1
What is the value of 3 + -3 + 3 + (2 - 1)?
4
What is -3 + -3 - (21 - 20)?
-7
-8 - (-28 - -9 - -4)
7
Calculate -5 + 1 + (-1 + 11 - 6).
0
Evaluate -2 + 3 + 3 + -8 - 3.
-7
What is the value of 8 + 2 + -8 + 3?
5
27 + -19 - (